e the greatest common factor of x and s.
13
Suppose -q - 4*o = -0*q - 51, 5*o - 195 = -5*q. What is the highest common divisor of 5 and q?
5
Let n = 179 - 136. Calculate the highest common factor of 301 and n.
43
Let r = 8 - 11. Let j be (r/(-9)*-3)/1. Let n = j + 5. What is the greatest common divisor of n and 16?
4
Suppose 0 = 13*m + 48 - 282. What is the greatest common divisor of m and 90?
18
Suppose 2 - 2 = -3*t. Suppose 7*w + 46 - 67 = t. What is the greatest common factor of w and 12?
3
Suppose -4*j - 3*p = -34, 0 = -2*j + 3*p + 2 + 6. Suppose -24 = -f - 4*v, f = 5*f - 2*v - 150. Let s = f + -1. Calculate the greatest common factor of j and s.
7
Let d(k) = -k**2 + 71*k - 362. Let t be d(58). What is the greatest common divisor of 24 and t?
8
Suppose 3*d + 4 = 2*k, -5*d = -4*k + 3 + 3. Let s be -2 - (-4 + -149 + d). Let u be s/(-68)*(-40)/3. What is the greatest common factor of 6 and u?
6
Let g(w) be the first derivative of -35*w**2/2 + 5*w - 7. Let i be g(2). Let h = 23 - i. Calculate the greatest common factor of h and 22.
22
Suppose 26 + 10 = 3*f + 3*x, -x = -f + 12. Let b = f + -1. Calculate the greatest common factor of b and 99.
11
Let y(z) = -z**3 + 8*z**2 - 8*z + 9. Suppose -b + 10 = 3. Let s be y(b). Let j = -3772 - -3790. Calculate the highest common divisor of j and s.
2
Suppose 9*w = 3*w + 366. Suppose 19 = -3*m + w. Calculate the greatest common divisor of 7 and m.
7
Suppose 0*a = a + 9. Let q = -6 - a. Let d be ((-10)/(-6))/(q/54). Calculate the greatest common factor of d and 6.
6
Suppose p - 118 + 94 = 0. What is the highest common divisor of 384 and p?
24
Suppose -4*s - 4*v = -2024, 3*s + v - 1011 - 503 = 0. Calculate the highest common divisor of 630 and s.
126
Suppose 27 = j - 15. Calculate the highest common factor of j and 168.
42
Suppose 3*z + 21 = 6*z. Let s be (477/18)/(1/2). Suppose -s - 59 = -4*i. What is the greatest common factor of z and i?
7
Suppose 4*f = -306 + 1146. Let w(h) = -2*h**3 - 31*h**2 - 20*h - 33. Let u be w(-15). What is the highest common divisor of f and u?
42
Let y be (39/1)/(8/(296/3)). Calculate the greatest common factor of 13 and y.
13
Let c(p) = 3*p + 8. Let d be c(12). Let f be (-4)/28 + d/14. Let l = 19 + f. Calculate the greatest common divisor of l and 44.
22
Let w = 178 - 168. Suppose -2*r + 40 = -0*r. Calculate the greatest common divisor of r and w.
10
Let y = 136 + -233. Let o = y + 178. Suppose 0*c - 8*c + 72 = 0. What is the highest common factor of o and c?
9
Let k(j) = -j**2 + j - 50. Let p be k(0). Let b be -2 + (p + -1)*-1. Let l be 26/(-39)*(-42)/4. Calculate the greatest common divisor of b and l.
7
Suppose -242 = 10*c - 2772. Calculate the greatest common divisor of 23 and c.
23
Let u be 36*(-5)/((-30)/4). Let w be u/(-10)*20/(-8). Let g be w/9*(-9)/(-6). What is the highest common factor of 7 and g?
1
Let z be (-4158)/(-66) - 14/(-2). Calculate the highest common factor of 56 and z.
14
Let f(v) = 2*v**2 + 5*v - 4. Let w be f(-4). Suppose -8*z - 72 = -4*z. Let m be z/(1 + -7)*80/6. Calculate the greatest common divisor of m and w.
8
Let y(l) be the second derivative of 3*l**5/20 + l**4/4 - 5*l**3/6 + 3*l**2/2 - 18*l. Let h be y(2). Calculate the greatest common factor of 58 and h.
29
Suppose d = 2*d - 3, 21 = -2*z + 5*d. Let y be (z - -2)/(1/(-1)). Suppose 0 = -0*v + v - 1. Calculate the greatest common divisor of v and y.
1
Let z(u) = -u**3 + 2*u**2 - 17*u - 40. Let c be z(-3). Calculate the greatest common factor of c and 1120.
56
Suppose 0 = -5*c, -4*p - 25 = 2*c + 35. Let y be 6/(-15) + (-21)/p. Let x(b) = 26*b - 2. Let n be x(y). What is the highest common divisor of 60 and n?
12
Let g be 0 + (-4 - 1) + 0. Let h be ((-100)/(-6))/(g/(-30)). Let r = 44 - 4. Calculate the highest common divisor of r and h.
20
Suppose -m + 40 = m. Suppose 5*o = c + 129, -6*c = -c + m. Let x = o - 3. Calculate the highest common divisor of 2 and x.
2
Suppose 0*f - w = -3*f + 315, 2*f - w - 210 = 0. Let o be ((-210)/24)/(2/(-16)). What is the highest common divisor of f and o?
35
Let l(p) = p**3 - 16*p**2 - 22*p - 21. Let f be l(18). Calculate the highest common factor of 21 and f.
21
Suppose 2*p + 11 = 37. Suppose -2*x + x = -5*h + 38, 5*x = -5*h + 20. Let q be (h/(-3))/((-2)/78). What is the highest common factor of p and q?
13
Let u(g) = 5*g. Let t be 8 - 4/(-2)*-1. Let n be u(t). What is the highest common divisor of n and 10?
10
Let f(m) = 2*m + 26. Let g be f(-6). Suppose 18*k - g*k = 336. Calculate the greatest common factor of 210 and k.
42
Let i(g) = 4*g**2 - 10*g - 5. Let t be i(5). Suppose -4*f = 27 - 151. Let r = -22 + f. Calculate the highest common factor of r and t.
9
Let s(j) = j**3 + j - 238. Let t be s(0). Let k be 24/60 - t/5. What is the greatest common divisor of k and 6?
6
Suppose -6*t + 3*t = -9. Suppose t*o = 2*o + 200. Let n = o - 40. What is the greatest common divisor of n and 20?
20
Let c be 2/8 - 6/24. Let n(z) = z**3 - z**2 - z + 12. Let j be n(c). Let q = j + -6. Calculate the highest common divisor of q and 48.
6
Let k(v) = -v - 5. Let y be k(-6). Let f be 3*(2 - y)*160/12. Calculate the highest common divisor of f and 4.
4
Let i(z) = z**3 + 2*z**2 - 4*z - 3. Let g be i(-3). Suppose 2*d - 8 - 12 = g. Suppose 24*a - 300 - 180 = 0. What is the highest common factor of a and d?
10
Let a be ((-6)/(-2))/(5/30). Let b = -4 + 0. Let m be 100/55 - b/22. Calculate the greatest common factor of a and m.
2
Let i be (-5 + 1)*3/(-2). Suppose t - i*t = 3*p - 24, 2*t - 3*p + 3 = 0. Calculate the highest common factor of 33 and t.
3
Suppose 3*s = 8 - 56. Let y = 25 + s. Calculate the highest common factor of y and 45.
9
Let v = 63 - -27. What is the greatest common divisor of v and 450?
90
Suppose 2*s - 264 = -9*s. Let k be 216 - 0/(9/(-3)). What is the highest common divisor of k and s?
24
Let u be (-3)/24 + 11/88. Suppose l - 2 = 0, 0 = -c + 3*l - u*l + 42. Calculate the highest common factor of c and 12.
12
Let t be (-200)/(-280) + (-2)/(-7) + 15. What is the greatest common divisor of t and 168?
8
Let m be 14 - 3 - (-70 - -17). Calculate the greatest common divisor of 512 and m.
64
Let d be 0 - (-3 + -3642) - (2 - 2). Calculate the greatest common factor of 15 and d.
15
Suppose 4*r = 16 + 100. Suppose -2 = -3*a - r. Let p be (-2)/a - 374/(-18). What is the highest common divisor of 168 and p?
21
Let u = 223 - 193. Calculate the highest common factor of u and 20.
10
Let w be 4/14 + (-276)/14*-1. What is the highest common factor of 20 and w?
20
Let v = 55 - 53. Let h = -54 - -86. Calculate the greatest common factor of h and v.
2
Let b be (-4168)/6*126/(-28) - -6. Calculate the greatest common factor of 36 and b.
36
Suppose d + 0*w - 2 = 3*w, w - 22 = -d. What is the highest common factor of 17 and d?
17
Let r(n) = 4*n - 3*n - 5 + 1 + 3. Let c be r(3). Calculate the highest common divisor of 18 and c.
2
Let n(t) = 8*t + 460. Let s be n(-55). Let w(l) = 11*l + 5. Let y be w(5). What is the highest common factor of s and y?
20
Suppose 4*l - 434 = -5*c + l, 5*l = 2*c - 186. What is the highest common divisor of c and 110?
22
Let p(x) = 5*x**2 - 2*x - 1. Let c be p(-1). Let g = -32 + 26. Let u be (24/3)/(g/(-9)). Calculate the greatest common divisor of u and c.
6
Let u be ((-12)/10)/(29/10 - 3). Let p be ((-9)/2)/((-2)/u). What is the highest common divisor of p and 216?
27
Suppose c = -c + 12. Let u be (-75 + c)/(3/(-2)). Let i = u + -16. What is the highest common factor of i and 20?
10
Suppose 6314 = 23*y - y. What is the greatest common factor of y and 7?
7
Suppose -4*p - 4*q + 1 = -23, 2*q = 6. Suppose -p*i + 268 = -545. Suppose -b - 90 = -2*d, 5*d - i = -b - 46. Calculate the greatest common factor of d and 5.
5
Suppose 2*v - 208 = 3*s, -4*s - 144 = 5*v - 710. Let g = v - 19. What is the highest common divisor of 13 and g?
13
Suppose 9*h = 601 - 169. Calculate the greatest common factor of h and 64.
16
Suppose -180 = 5*p - 5*u, -4*u - 6 = 2. Let v = p + 33. Let n = v + 24. Calculate the greatest common divisor of n and 19.
19
Suppose -31*i + 36*i = 525. Calculate the highest common factor of 165 and i.
15
Let f(a) = 6*a - 62. Let m be f(13). What is the greatest common divisor of m and 112?
16
Let z(y) = -y + 5. Let v be z(2). Suppose -v*m + 45 = -2*m. What is 